*a - 18. Give u(j).
-16
Let w(z) be the third derivative of -z**8/4032 + z**7/1680 - z**6/720 - 23*z**5/60 - 24*z**2. Let a(j) be the third derivative of w(j). Give a(2).
-15
Let v(q) be the first derivative of -q**3/3 + q**2/2 + 2*q + 2. Let u be -3*(-5)/(45/93). Let y = 35 - u. Determine v(y).
-10
Let g be (-1 + 1)/(-1)*1. Suppose -24 = -3*l + 3*a, -4*a = -g*a + 8. Let k(t) = -9*t + 6. Let p(v) = 25*v - 17. Let o(w) = 11*k(w) + 4*p(w). What is o(l)?
4
Let y be ((-76)/(-8) + -1)/((-2)/(-4)). Let t(g) = -g**2 + 15*g + 32. Calculate t(y).
-2
Let b(s) be the third derivative of -s**6/120 + s**5/10 + 2*s**3/3 + 4*s**2. Suppose -8*i - 21 = -69. Calculate b(i).
4
Let n be (-1)/6 + (174/(-36) - -6). Let b(c) = -12*c. Give b(n).
-12
Let n(u) = -12*u + 18. Let j be n(7). Let q = 66 + j. Let p(h) = h**2 + h - 11. Calculate p(q).
-11
Let s(f) = -18*f**2 - f. Suppose 0*b + 3*b = 5*a - 1, 0 = a - 3*b - 5. Give s(a).
-17
Let l = -85 - -66. Let m be (l + 1)*19/(-38). Let w(z) = -z**2 + 9*z + 12. What is w(m)?
12
Suppose 6*m + 4 = 4*m. Let b be -1 + (m - -2) + 3. Let u(w) = 3 - 5 - 3 + 4 + b*w. Give u(1).
1
Let z(x) = x - 4. Suppose -100 = k + k + a, -4*a = -4*k - 212. Let c = k - -56. Determine z(c).
1
Let x(d) = -4 + 3*d - 9 + 4 - d. Give x(5).
1
Let m(n) = 4 - 18 - 4*n**2 + 14 + 6 + n**3. Give m(3).
-3
Let x = 6 + -4. Let c(b) = -4*b + b + x*b. Let s be (-3 - -3) + 8 - 3. Determine c(s).
-5
Let x(z) = -z + 2. Let j = -147 - 33. Let y be (-12)/(-28) - (j/(-14))/(-5). Give x(y).
-1
Let g(p) be the second derivative of -p**3/6 + p**2 - 3*p. Let c(t) = -t**3 + t**2 + t + 12. Let s be c(0). Let a be (1 - 4)*s/18. Determine g(a).
4
Let v(w) = -2 + 0 + 18766*w**2 + 2*w - 18771*w**2. What is v(1)?
-5
Let q be (-4)/6 + (-14)/(-3). Let h be 1/q - 23/(-4). Let p(u) = 12*u - h - 4*u**2 + u**2 + 8*u**2 - 7*u - u**3. Determine p(6).
-12
Let z(o) = -12*o + 174. Let l be z(15). Let t(b) = 9*b + 7. Let j(y) = -4*y - 4. Let q = -13 + 8. Let p(c) = q*j(c) - 2*t(c). Determine p(l).
-6
Let j(l) = 4*l**3 - 9*l**2 - 3*l - 5. Let s(n) = n**3 - 3*n**2 - 2*n - 1. Let u(q) = -j(q) + 5*s(q). Give u(6).
-42
Let f(p) = -7*p**3 + 18*p**2 - 6. Let x(m) = -m**3 + 2*m**2 + m - 1. Let a(n) = f(n) - 6*x(n). Let w be (-3)/(-1)*(-10)/(-6). Determine a(w).
-5
Let q(x) = x**3 + 8*x**2 - x + 5. Let h(d) = -d**3 - 14*d**2 + 17*d + 22. Let g be h(-15). Calculate q(g).
13
Suppose 8 = -i - c + 10, -3*c + 6 = -2*i. Let d(s) = -s**2 + s - 11. Determine d(i).
-11
Let r(v) = v - 25. Let c be r(-10). Let f = c + 36. Let t(s) = 3*s. Calculate t(f).
3
Let j(w) = -w + 3. Let g be j(2). Suppose -5*p + 0*p + g = 3*v, 4*v = -p + 7. Suppose 4*x + 14 = -5*c - v, 2*x = -4*c - 14. Let z(i) = -5*i - 1. Give z(x).
-6
Let b(r) be the second derivative of r**3/6 + 2*r**2 + 2*r - 19. What is b(4)?
8
Let q(r) = r**2 + 5*r + 3. Let a be 4/((-8)/(-6)) - -1. Suppose 3*j - 24 = 3*s, 3*j - 1 = a*s + 24. Suppose j*u + 20 = 2*u. Give q(u).
-1
Let p(z) = 9*z - 3. Let u be p(1). Suppose 0 = 2*t + u - 8. Let w(b) be the third derivative of -b**6/40 + b**5/60 - b**4/24 + b**3/6 - b**2. Give w(t).
-2
Let w(o) = -2*o**2 + 2*o**2 + 7*o - o**2. Let b(u) = -63*u + 23*u + 19*u + 19*u - 2. Let j be b(-4). Give w(j).
6
Let n = 135 - 64. Let h(y) = -6 - 73*y + y**2 - n*y + 145*y. Give h(0).
-6
Let q(i) be the second derivative of i**5/20 + 5*i**4/12 + 2*i**3/3 - i**2 + 3394*i. Let b be 2/(1*2/(-4)). Calculate q(b).
-2
Let u(i) = 4*i**3 + 19*i + 14. Let y(t) = 3*t**3 - t**2 + 15*t + 13. Let v(k) = -4*u(k) + 5*y(k). Give v(-4).
-3
Let l(m) = m**2 - 7*m - 109. Let r be l(-8). Let w(s) = -2*s**2 + 22*s + 6. What is w(r)?
6
Let x(l) = 2*l - 7. Let h(y) = -2*y + 8. Suppose 5*r + 5 = -3*g, -r + g = 2*r + 17. Let t(i) = r*x(i) - 3*h(i). Let o = 1 - -3. Calculate t(o).
-4
Let a(y) = 0*y - y + 2*y + 0*y. Suppose 0 = h + 10*x - 7*x - 14, 0 = -2*h + x - 7. Determine a(h).
-1
Let j(y) = 8*y**2 - 3*y + 6. Let a(k) be the first derivative of 3*k**3 - 2*k**2 + 7*k - 1. Let m(o) = -6*a(o) + 7*j(o). Calculate m(-2).
2
Suppose b - 2 = 2. Let k(r) be the second derivative of -r**3/2 + r**2 - 2*r - 3. Calculate k(b).
-10
Let b(c) = -3 + 10*c - 21*c + 3*c + 10*c. Suppose -2*r + 14 = 4*m - 9*m, -r + 13 = -4*m. Give b(r).
-9
Let k(q) = -q + 4 - 9*q**2 + 13*q**2 - q**3 - 2*q. Let n be k(3). Suppose -2*a - 5*z = 24, -z = z + n. Let h(w) = w**3 + 6*w**2 - 8*w - 4. Give h(a).
3
Let p(y) be the third derivative of -y**4/24 + 7*y**3/6 + 258*y**2. Suppose 0 = -3*s - 2*s + 120. Suppose -x - x = 4*l - 10, -4*l + s = 4*x. Calculate p(x).
0
Let d(x) = -340 + 342 + 16*x - 2*x**2 - 17*x. Calculate d(2).
-8
Let p(m) = m**2 + 47*m - 10. Let w(t) = t**2 + 31*t - 6. Let r(v) = -5*p(v) + 7*w(v). Calculate r(8).
-8
Let g(n) = -n**2 - 2*n - 5. Let y be (-14)/280*95 - (-2)/(-8). Determine g(y).
-20
Let v(n) = n**2 + 10*n - 1. Let f = -131 - -123. Calculate v(f).
-17
Suppose 49*m - 720 = -23*m. Let p(f) = -f**2 + 11*f - 11. Determine p(m).
-1
Suppose -3 = 2*r + 2*n + 7, -3*r - 12 = 2*n. Let b(f) = -4*f - 72930 + 72930. Calculate b(r).
8
Let s(j) be the third derivative of j**5/30 - j**4/8 - 3*j**3/2 + 252*j**2. What is s(-4)?
35
Let i(c) = -6*c**2 + 1 - 4*c**2 - 6*c + c**3 + 6*c**2 + 5. What is i(5)?
1
Suppose -3*t - 11 = -41. Let j be 3*(0 - t/6). Let s(d) = -d**2 - d + 2. Let m(a) = -a**3 + 7*a - 3. Let v(g) = m(g) + 4*s(g). Determine v(j).
15
Let q = -145 + 79. Let z be (-12)/q - 53/(-11). Suppose 0 = -z*u - 2*f + f + 25, -3*u + 5*f + 43 = 0. Let a(y) = -2*y + 3. Determine a(u).
-9
Suppose -p - 4*a = 17, 7*a + 19 = 3*p + 5*a. Let q(r) = 21*r. Give q(p).
63
Let h(p) = -4*p. Let l(m) = -14*m**3 - 18*m**2 - 17. Let u(r) = -5*r**3 - 6*r**2 - 6. Let z(x) = 4*l(x) - 11*u(x). Let t be z(-6). What is h(t)?
8
Let m(n) = -n**2 + n + 4. Suppose -2*t + 7*t = 0. Suppose -h + 3*h = t. Suppose h*c = 3*c. Give m(c).
4
Let z(p) be the third derivative of -p**6/120 - 2*p**5/15 - 7*p**4/24 - p**3 - 2*p**2 - p. Let u(j) = 2*j**3 + 3*j**2 + 3*j + 3. Let v be u(-2). Give z(v).
-6
Let p(g) = -g**2 - 7*g - 2. Suppose 80 = 282*v - 302*v. Give p(v).
10
Let y(n) be the third derivative of -n**5/60 + 7*n**4/12 + 6*n**3 - 202*n**2. Calculate y(16).
4
Let n(j) = -6*j + 5*j + 28 + 3 - 21. Give n(-7).
17
Let y(m) be the third derivative of 1/3*m**3 - 3*m**2 + 1/120*m**6 - 1/10*m**5 + 1/6*m**4 + 0 + 0*m. Let q = -28 + 33. Calculate y(q).
-3
Let m = 125 - 131. Let f(v) = -1 + v**2 - 10 + 11 + 7*v. Determine f(m).
-6
Let r(a) = 21*a + 25. Let o be r(4). Let c(y) = -o*y + 2 + 109*y - y**2. Give c(4).
-14
Let d(f) be the second derivative of -f**3/6 - 9*f**2 + 23*f - 1. Give d(-13).
-5
Suppose -3*r = 3*h, 3*h = 4*r - 7 - 0. Let s be 1*(2 + 0)*r. Let q(x) = -8 + 5 + 5 + x - 1 + x**2. Give q(s).
7
Let x be (-40)/(-4) + (-18)/6. Let q(m) = m + 10. Calculate q(x).
17
Let i(l) be the first derivative of 1 - 1/3*l**3 - l - l**2 - 1/12*l**4. Let q(y) be the first derivative of i(y). What is q(-2)?
-2
Let m = 75 + -109. Let j = m - -34. Let f(c) = -c - 10. What is f(j)?
-10
Let a(l) = -l**2 + l - 1. Suppose -3*o - 55 = -61. Give a(o).
-3
Let f(l) be the first derivative of -7*l**2/2 + 21. Suppose 0 = 5*h + 55 - 10. Let p = 7 + h. Determine f(p).
14
Let w(j) = -8*j - 2. Suppose 3 = 3*l - 3. Let a be (-2)/l - 1 - (8 + -7). Give w(a).
22
Let s = -6 + 8. Let v(i) be the first derivative of -19 - 1/3*i**3 + i + 0*i**2. Determine v(s).
-3
Let s(x) = -x**3 + 8*x**2 - x - 3. Let c = -89 + 97. What is s(c)?
-11
Suppose 4*y + 26 = n, 8*n - 15 = 3*y + 5*n. Let p(t) = t**3 + 6*t**2 - 9*t - 9. What is p(y)?
5
Let a(r) = -r**3 + 2*r**2. Let d(u) = 2*u - 4*u + 11 + u. Let o be d(8). Give a(o).
-9
Let k(d) = -4*d + 42. Let c(m) = -2*m + 23. Let f(o) = 7*c(o) - 4*k(o). Determine f(-4).
-15
Let s(x) = -x**2 + x - 3. Let m(p) = p**3 - 21*p**2 + 38*p + 3. Let i be m(19). Calculate s(i).
-9
Suppose 4*x + 3*x = x. Let r(s) be the first derivative of -s**4/4 + s**3/3 + 4*s + 6. What is r(x)?
4
Let h(z) = -3*z**2 + 8*z - 5. Let n(g) = 1. Let c(m) = -h(m) - 3*n(m). Suppose -21 = 36*y - 43*y. Give c(y).
5
Let n(c) = -21*c**3 - c**2 + 5*c + 2. Let q be n(-2). Let s(a) = 0*a - a - 154 + q. Give s(-2).
4
Let f(u) be the second derivative of -11/360*u**6 + 0 - 1/60*u**5 + 0*u**2 - 1/24*u**4 + 1/2*u**3 + 3*u. Let d(q) be the second derivative of f(q).